17812 (base 14) to base 6
1134040
-184cf (base 16) to base 10
-99535
-464402 (base 8) to base 11
-a8745
-1003303130 (base 4) to base 16
-43cdc
What is 1151873 (base 12) in base 15?
4600e3
Convert -1203313 (base 5) to base 15.
-693d
Convert -8dc29 (base 16) to base 10.
-580649
Convert 94811 (base 12) to base 9.
326064
Convert 1122102121 (base 3) to base 15.
98e4
-122010000200 (base 3) to base 14
-8aa64
Convert -103614 (base 10) to base 14.
-29a90
Convert 32762260 (base 9) to base 2.
111100100001100100111100
What is -30535243 (base 6) in base 15?
-126cc0
What is 617233 (base 13) in base 11?
1312056
What is 11210034 (base 5) in base 16?
18924
What is -116954 (base 11) in base 9?
-311472
What is -1a72766 (base 11) in base 7?
-41435334
-99cee (base 15) to base 6
-14251312
What is 461e40 (base 15) in base 11?
1987307
Convert 1101110000100010111 (base 2) to base 3.
211220102202
3002430243 (base 5) to base 11
3373629
Convert -15351233 (base 7) to base 16.
-168077
1011110001111111001001 (base 2) to base 16
2f1fc9
What is -4431113231 (base 5) in base 2?
-100100101110111000000111
536482 (base 15) to base 14
754b30
Convert 1010000110110011100101 (base 2) to base 8.
12066345
What is 69e29 (base 15) in base 14?
8acdc
What is 12062102 (base 8) in base 7?
31333340
Convert 1120230120 (base 4) to base 5.
43111123
677433 (base 8) to base 16
37f1b
Convert -42541621 (base 7) to base 10.
-3623761
What is 110012012210 (base 3) in base 11?
15434a
What is -11101011111101011011 (base 2) in base 5?
-221411431
What is -10031130231 (base 4) in base 5?
-240304121
35718 (base 9) to base 5
1231122
What is -221222202002112 (base 3) in base 9?
-27882075
What is 115144 (base 10) in base 7?
656461
What is 5125110 (base 6) in base 5?
30313040
Convert 1101010011000000110110 (base 2) to base 10.
3485750
What is -6130 (base 13) in base 14?
-4c46
26706 (base 12) to base 11
3678a
What is 11e83d (base 16) in base 8?
4364075
Convert -32765b (base 14) to base 11.
-a69365
1c6b153 (base 14) to base 3
222210200121101
Convert -b53a (base 12) to base 13.
-9001
-23db (base 15) to base 13
-3620
105660515 (base 7) to base 5
3123443201
What is 1864ba (base 12) in base 16?
67f4e
Convert -132131343 (base 5) to base 11.
-411a7a
Convert 289b2 (base 16) to base 10.
166322
-258e0c (base 16) to base 8
-11307014
-12135287 (base 9) to base 2
-10110100111011000010101
Convert -8387f (base 16) to base 15.
-a996b
Convert 227387 (base 14) to base 5.
300004040
What is 531edd (base 15) in base 12?
13a9077
83200 (base 12) to base 7
1312410
-20216080 (base 9) to base 13
-2015b17
What is -3284532 (base 9) in base 12?
-71336b
-14233423 (base 6) to base 14
-c959d
What is 231089 (base 11) in base 4?
1121231131
-51246 (base 13) to base 16
-237f6
What is -8fe2ca (base 16) in base 9?
-18662111
Convert -2d2dd (base 14) to base 13.
-3c624
-205013455 (base 7) to base 8
-56172651
What is -122200121022 (base 3) in base 5?
-42120143
What is 1a0741 (base 11) in base 15?
6156d
What is 1221101022000 (base 3) in base 8?
3735556
Convert 629361 (base 11) to base 9.
1805636
Convert 18746340 (base 9) to base 12.
3211469
What is -4564626 (base 7) in base 11?
-35a87a
-431022010 (base 5) to base 14
-35311b
What is 312003 (base 4) in base 13?
1761
Convert 4e88d (base 15) to base 4.
331130203
What is 684466 (base 9) in base 5?
101110312
-1d51e (base 16) to base 7
-1010062
What is -2200112102101 (base 3) in base 4?
-11130203221
-4213316 (base 7) to base 8
-1737630
59c774 (base 16) to base 15
7b350e
Convert 218180 (base 10) to base 4.
311101010
What is 333434021 (base 5) in base 14?
2a2dbd
Convert -214934c (base 14) to base 7.
-251043625
-863a14 (base 11) to base 15
-1c44d2
Convert -28a0 (base 15) to base 7.
-34236
Convert -19632 (base 11) to base 3.
-1101120010
Convert 1332303222 (base 4) to base 8.
1766352
What is 182063 (base 10) in base 16?
2c72f
-161176 (base 8) to base 6
-1124234
Convert 5227352 (base 10) to base 9.
10746518
88574 (base 9) to base 3
2222122111
Convert 1010011000011111111 (base 2) to base 15.
6ac18
Convert -2d75a (base 14) to base 13.
-3cb3b
What is 40a37 (base 12) in base 6?
1450511
Convert -348989 (base 11) to base 2.
-10000111001001001111
Convert 79278 (base 10) to base 15.
18753
102222210121 (base 3) to base 13
83599
What is -100000011111000101010 (base 2) in base 7?
-12022320
-22201201110 (base 3) to base 7
-1313664
What is -5024424 (base 6) in base 8?
-716540
-14c97b (base 13) to base 11
-320900
Convert -2b891 (base 15) to base 11.
-96466
Convert 14442240 (base 5) to base 3.
21220220202
-10010101001001101111000 (base 2) to base 8
-22511570
Convert -16586 (base 16) to base 11.
-62846
-2bdb6 (base 15) to base 5
-14011341
9a21b4 (base 12) to base 5
1111404314
41043416 (base 8) to base 4
201010130032
What is 3422034 (base 5) in base 16?
edde
What is -7544757 (base 8) in base 15?
-29ccd5
-42106054 (base 7) to base 15
-4a1584
-1213441120 (base 5) to base 6
-141340011
Convert 11021001220010 (base 3) to base 10.
2264925
Convert 22001221101 (base 3) to base 6.
3223314
What is -247666 (base 9) in base 5?
-14244431
a8c6 (base 16) to base 4
22203012
What is 1136254 (base 12) in base 15?
455114
-12022122110 (base 3) to base 5
-11322333
-123122010 (base 4) to base 15
-233e0
1102022102111 (base 3) to base 16
b81b0
Convert 10240694 (base 10) to base 11.
5864a92
What is 212221012111200 (base 3) in base 15?
11b39dc
What is -1163110 (base 7) in base 2?
-100100100110111011
What is -ed2e (base 16) in base 6?
-1145034
Convert 120011112111 (base 3) to base 2.
1001000111000111000
Convert -100211000012 (base 3) to base 2.
-101111001010100110
Convert -2ea569 (base 15) to base 5.
-1034344344
Convert 12662114 (base 7) to base 3.
2012200120102
What is 10637625 (base 8) in base 7?
25430542
What is -21515320 (base 9) in base 16?
-9ebd13
Convert 5780a9 (base 11) to base 5.
213343014
474815 (base 11) to base 9
1366825
What is -103334121 (base 5) in base 8?
-1555406
What is 23325 (base 6) in base 16?
d25
-203206 (base 9) to base 15
-25a53
21202201021 (base 3) to base 4
211110301
10000103 (base 5) to base 11
53799
-2420225 (base 6) to base 11
-87543
What is 2104432034 (base 5) in base 16?
42be03
Convert -12a6bb1 (base 12) to base 14.
-6c5749
-1434460 (base 7) to base 14
-50830
Convert -161564 (base 12) to base 3.
-201002110111
-4190b (base 12) to base 5
-10222404
1090889 (base 11) to base 4
13100330023
222102000221000 (base 3) to base 16
d626de
a8fc (base 16) to base 5
2341020
What is -1001022101100212 (base 3) in base 14?
-1dd9012
327109 (base 12) to base 4
3003113121
Convert 1111211211 (base 3) to base 16.
7450
Convert -52206665 (base 7) to base 10.
-4389026
Convert -4094a (base 11) to base 15.
-12a57
What is 2540255 (base 8) in base 6?
23034233
Convert -73650 (base 11) to base 8.
-321375
Convert 102120010 (base 4) to base 7.
432304
What is -202200200201202 (base 3) in base 7?
-162320360
104344103 (base 5) to base 16
71a78
-5442213 (base 6) to base 13
-95c16
Convert -d629 (base 14) to base 15.
-ade0
-3670021 (base 8) to base 12
-4095a9
Convert 10000001000110101 (base 2) to base 11.
45732
Convert -4031340 (base 6) to base 8.
-564614
Convert 227377 (base 8) to base 5.
4440232
-7897 (base 14) to base 5
-1132114
4243240204 (base 5) to base 3
121212022110022
What is -1066414 (base 10) in base 7?
-12031036
What is -610e70 (base 16) in base 9?
-12864201
What is 4888109 (base 10) in base 16?
4a962d
110210202102 (base 3) to base 15
4ea3b
Convert -122061 (base 10) to base 13.
-43734
Convert -213210221130 (base 4) to base 11.
-5945a29
Convert 6377576 (base 9) to base 7.
41021652
What is 4b14e (base 15) in base 16?
3a934
Convert 10002011211 (base 3) to base 9.
102154
-68548 (base 9) to base 12
-224bb
-11074364 (base 8) to base 7
-26213455
Convert 10010000110100110011 (base 2) to base 9.
1103644
Convert 15009c (base 15) to base 6.
33412103
Convert -3756561 (base 9) to base 8.
-7632571
What is -2949c (base 16) in base 2?
-101001010010011100
Convert -100a95 (base 14) to base 6.
-15323335
What is -2067d (base 16) in base 11?
-907a7
What is -524082 (base 13) in base 16?
-1d55b1
Convert 2a700 (base 11) to base 10.
43439
What is 940c4 (base 15) in base 2?
1110010100100111101
17044 (base 11) to base 5
1232011
Convert 66574 (base 8) to base 14.
a300
20b988a (bas